{"id":16,"date":"2025-05-27T07:23:24","date_gmt":"2025-05-27T07:23:24","guid":{"rendered":"https:\/\/vitauro.es\/?page_id=16"},"modified":"2025-07-21T06:14:06","modified_gmt":"2025-07-21T06:14:06","slug":"quienes-somos","status":"publish","type":"page","link":"https:\/\/vitauro.es\/?page_id=16","title":{"rendered":"Quienes somos"},"content":{"rendered":"\n<p class=\"has-text-align-center has-vivid-cyan-blue-color has-text-color has-link-color has-bebas-neue-font-family has-extra-large-font-size wp-elements-ab12fe2f71bfc366d72a6ecd5be374b8\"><strong>Vitauro: Pasi\u00f3n por la tauromaquia hecha realidad<\/strong><\/p>\n\n\n\n<p class=\"has-base-color has-text-color has-link-color has-jost-font-family has-regular-font-size wp-elements-9f09f1833b2e5ab73e01a8de330f7eae\">En&nbsp;<strong>Vitauro<\/strong>, no s\u00f3lo organizamos festejos taurinos; vivimos y sentimos la tauromaquia en cada fibra de nuestro ser. Somos una empresa que nace de la m\u00e1s profunda admiraci\u00f3n por esta tradici\u00f3n ancestral, impulsados por la ilusi\u00f3n y el compromiso de ofrecer experiencias inolvidables.<\/p>\n\n\n\n<p class=\"has-base-color has-text-color has-link-color has-jost-font-family has-regular-font-size wp-elements-39d569c5a6c0c6a4a814be0f937ce558\">Sabemos que el arte taurino es mucho m\u00e1s que un evento: es historia, cultura y emoci\u00f3n pura. Por eso, en Vitauro ponemos toda nuestra&nbsp;<strong>pasi\u00f3n<\/strong>&nbsp;y dedicaci\u00f3n en cada detalle, desde la selecci\u00f3n del ganado hasta la impecable ejecuci\u00f3n de cada festejo. Nos esforzamos por honrar la grandeza de la tauromaquia, garantizando siempre la seriedad y el respeto que merece.<\/p>\n\n\n\n<p class=\"has-base-color has-text-color has-link-color has-jost-font-family has-regular-font-size wp-elements-16296104adbc0976e6db0aef74f2f4dd\">Comenzamos nuestra andadura con la firme convicci\u00f3n de hacerlo bien, de aportar valor y de revitalizar la emoci\u00f3n de los ruedos. En Vitauro, cada faena es un lienzo donde plasmamos nuestro amor por el toro y por la fiesta. Prep\u00e1rate para vivir la esencia de la tauromaquia con la garant\u00eda de una empresa que nace con la ambici\u00f3n de la excelencia.<\/p>\n\n\n\n<div class=\"wp-block-columns alignwide is-layout-flex wp-container-core-columns-is-layout-d2da2050 wp-block-columns-is-layout-flex\" style=\"margin-bottom:0\">\n<div class=\"wp-block-column has-vivid-cyan-blue-background-color has-text-color has-background has-link-color wp-elements-ecbbf6ac075da92c0c0edfc8b2d7e90c is-layout-flow wp-block-column-is-layout-flow\" style=\"color:#000000;padding-top:2em;padding-right:2em;padding-bottom:2em;padding-left:2em\">\n<figure class=\"wp-block-image aligncenter size-large is-resized is-style-rounded\"><img loading=\"lazy\" decoding=\"async\" width=\"461\" height=\"1024\" src=\"https:\/\/vitauro.es\/wp-content\/uploads\/2025\/06\/Jose-Antonio-Martinez-Uranga-461x1024.jpeg\" alt=\"Manuel Mart\u00ednez Erice\" class=\"wp-image-230\" style=\"object-fit:cover;width:150px;height:150px\" srcset=\"https:\/\/vitauro.es\/wp-content\/uploads\/2025\/06\/Jose-Antonio-Martinez-Uranga-461x1024.jpeg 461w, https:\/\/vitauro.es\/wp-content\/uploads\/2025\/06\/Jose-Antonio-Martinez-Uranga-135x300.jpeg 135w, https:\/\/vitauro.es\/wp-content\/uploads\/2025\/06\/Jose-Antonio-Martinez-Uranga-691x1536.jpeg 691w, https:\/\/vitauro.es\/wp-content\/uploads\/2025\/06\/Jose-Antonio-Martinez-Uranga.jpeg 720w\" sizes=\"auto, (max-width: 461px) 100vw, 461px\" \/><\/figure>\n\n\n\n<h4 class=\"wp-block-heading has-text-align-center has-body-text-color has-text-color has-link-color wp-elements-16b5cd7557c84f4a1834406a00be827e\" id=\"single\" style=\"font-size:40px\"><strong>Manuel Mart\u00ednez Erice<\/strong><\/h4>\n\n\n\n<hr class=\"wp-block-separator has-alpha-channel-opacity is-style-wide\"\/>\n\n\n\n<p class=\"has-body-text-color has-text-color has-link-color has-regular-font-size wp-elements-3dc0a7332e501057f02fde45cf33068a\" style=\"line-height:1.5\">Nacido en San Sebasti\u00e1n en 1964. Forma parte de una familia taurina de larga trayectoria, conocida como \u201cChopera\u201d, vinculada a la gesti\u00f3n de plazas y apoderamientos desde mediados del siglo XX.<br>Curs\u00f3 estudios de Ciencias Empresariales en la Universidad del Pa\u00eds Vasco.<br>Desde 2005 y durante 12 a\u00f1os, ha dirigido la plaza de toros de Las Ventas en Madrid junto a su padre, Jos\u00e9 Antonio Mart\u00ednez Uranga, a trav\u00e9s de la empresa Taurodelta.<br>Tambi\u00e9n ha gestionado ferias en plazas como Valladolid, Badajoz, Salamanca, Zaragoza, Albacete, y Vistalegre, entre otras .<br>Ampliamente reconocido por su capacidad para confeccionar carteles variados y de nivel, cuidando encastes y figuras tanto nacionales como internacionales.<br>Ha representado a figuras del toreo como Alejandro Talavante, Sebasti\u00e1n Castella, Rafaelillo, Rom\u00e1n Collado, El Cid, Juan Bautista,\u2026<br>Es destacable su templanza al equilibrar la parte art\u00edstica con la empresarial, y su habilidad para adaptarse a tiempos dif\u00edciles, manteniendo buenos resultados pese a la crisis.<br>Fiel a una estrategia plural: fusiona figuras consagradas con nuevas promesas y promueve una variedad de encastes en sus carteles .<br>Su participaci\u00f3n dual como empresario y apoderado a veces ha generado cr\u00edticas, aunque \u00e9l defiende sus decisiones centr\u00e1ndose en la salud del espect\u00e1culo y la profesi\u00f3n.<br>De su gesti\u00f3n como empresario de Las Ventas, se valora especialmente el fortalecimiento de la \u201cmarca San Isidro\u201d dentro y fuera de Espa\u00f1a, la diversificaci\u00f3n de carteles y la promoci\u00f3n de toreros j\u00f3venes.<\/p>\n<\/div>\n\n\n\n<div class=\"wp-block-column has-vivid-cyan-blue-background-color has-text-color has-background has-link-color wp-elements-326a6f846f5e007414542d1ff18f9db5 is-layout-flow wp-block-column-is-layout-flow\" style=\"color:#000000;padding-top:2em;padding-right:2em;padding-bottom:2em;padding-left:2em\">\n<figure class=\"wp-block-image aligncenter size-full is-resized is-style-rounded\" style=\"margin-top:0;margin-bottom:0\"><img loading=\"lazy\" decoding=\"async\" width=\"637\" height=\"637\" src=\"https:\/\/vitauro.es\/wp-content\/uploads\/2025\/07\/WhatsApp-Image-2025-07-19-at-13.18.55-edited-2.jpeg\" alt=\"\" class=\"wp-image-446\" style=\"object-fit:cover;width:150px;height:150px\" srcset=\"https:\/\/vitauro.es\/wp-content\/uploads\/2025\/07\/WhatsApp-Image-2025-07-19-at-13.18.55-edited-2.jpeg 637w, https:\/\/vitauro.es\/wp-content\/uploads\/2025\/07\/WhatsApp-Image-2025-07-19-at-13.18.55-edited-2-300x300.jpeg 300w, https:\/\/vitauro.es\/wp-content\/uploads\/2025\/07\/WhatsApp-Image-2025-07-19-at-13.18.55-edited-2-150x150.jpeg 150w\" sizes=\"auto, (max-width: 637px) 100vw, 637px\" \/><\/figure>\n\n\n\n<h4 class=\"wp-block-heading has-text-align-center has-body-text-color has-text-color has-link-color has-bebas-neue-font-family wp-elements-f58ef3766bbd1ea813c69858d9563864\" id=\"single\" style=\"font-size:40px\"><strong>Alfonso Jos\u00e9 Ortiz vico<\/strong><\/h4>\n\n\n\n<hr class=\"wp-block-separator has-alpha-channel-opacity is-style-wide\"\/>\n\n\n\n<p class=\"has-body-text-color has-text-color has-link-color has-regular-font-size wp-elements-8130b6715679d820c1d62bddae520042\" style=\"line-height:1.5\">Alfonso Ortiz (Albacete, 1974) es licenciado en Econom\u00eda por la Universidad de Castilla-La Mancha (UCLM). Inici\u00f3 su carrera profesional en el sector bancario, donde ocup\u00f3 distintos puestos de responsabilidad. Hace cinco a\u00f1os fund\u00f3 VIA Office, empresa que actualmente forma parte del grupo V\u00eda Corporate, que engloba las marcas VIA Office, VIA School, VIA Office Store, Santos Equipamientos Escolares y Vitauro.&nbsp;Este grupo est\u00e1 especializado en la venta de material de oficina y mobiliario para empresas, as\u00ed como en soluciones de mobiliario, tecnolog\u00eda y rob\u00f3tica para centros educativos y ayuntamientos.<\/p>\n\n\n\n<p class=\"has-body-text-color has-text-color has-link-color has-regular-font-size wp-elements-a803047e253a56cf95b66f17dbd794e4\" style=\"line-height:1.5\">En la actualidad, Alfonso Ortiz cogestiona Vitauro junto a Manuel Mart\u00ednez Erice.<\/p>\n<\/div>\n<\/div>\n","protected":false},"excerpt":{"rendered":"<p> [&hellip;]<\/p>\n","protected":false},"author":1,"featured_media":0,"parent":0,"menu_order":0,"comment_status":"closed","ping_status":"closed","template":"","meta":{"footnotes":""},"class_list":["post-16","page","type-page","status-publish","hentry"],"yoast_head":"<!-- This site is optimized with the Yoast SEO plugin v27.1.1 - https:\/\/yoast.com\/product\/yoast-seo-wordpress\/ -->\n<title>Quienes somos - ViTauro<\/title>\n<meta name=\"description\" content=\"Quienes somos - ViTauro\" \/>\n<meta name=\"robots\" content=\"index, follow, max-snippet:-1, max-image-preview:large, max-video-preview:-1\" \/>\n<link rel=\"canonical\" href=\"https:\/\/vitauro.es\/?page_id=16\" \/>\n<meta property=\"og:locale\" content=\"es_ES\" \/>\n<meta property=\"og:type\" content=\"article\" \/>\n<meta property=\"og:title\" content=\"Quienes somos - ViTauro\" \/>\n<meta property=\"og:description\" content=\"Quienes somos - ViTauro\" \/>\n<meta property=\"og:url\" content=\"https:\/\/vitauro.es\/?page_id=16\" \/>\n<meta property=\"og:site_name\" content=\"ViTauro\" \/>\n<meta property=\"article:modified_time\" content=\"2025-07-21T06:14:06+00:00\" \/>\n<meta property=\"og:image\" content=\"https:\/\/vitauro.es\/wp-content\/uploads\/2025\/06\/Jose-Antonio-Martinez-Uranga.jpeg\" \/>\n\t<meta property=\"og:image:width\" content=\"720\" \/>\n\t<meta property=\"og:image:height\" content=\"1600\" \/>\n\t<meta property=\"og:image:type\" content=\"image\/jpeg\" \/>\n<meta name=\"twitter:card\" content=\"summary_large_image\" \/>\n<meta name=\"twitter:label1\" content=\"Tiempo de lectura\" \/>\n\t<meta name=\"twitter:data1\" content=\"3 minutos\" \/>\n<script type=\"application\/ld+json\" class=\"yoast-schema-graph\">{\"@context\":\"https:\/\/schema.org\",\"@graph\":[{\"@type\":\"WebPage\",\"@id\":\"https:\/\/vitauro.es\/?page_id=16\",\"url\":\"https:\/\/vitauro.es\/?page_id=16\",\"name\":\"Quienes somos - ViTauro\",\"isPartOf\":{\"@id\":\"https:\/\/vitauro.es\/#website\"},\"primaryImageOfPage\":{\"@id\":\"https:\/\/vitauro.es\/?page_id=16#primaryimage\"},\"image\":{\"@id\":\"https:\/\/vitauro.es\/?page_id=16#primaryimage\"},\"thumbnailUrl\":\"https:\/\/vitauro.es\/wp-content\/uploads\/2025\/06\/Jose-Antonio-Martinez-Uranga-461x1024.jpeg\",\"datePublished\":\"2025-05-27T07:23:24+00:00\",\"dateModified\":\"2025-07-21T06:14:06+00:00\",\"description\":\"Quienes somos - ViTauro\",\"breadcrumb\":{\"@id\":\"https:\/\/vitauro.es\/?page_id=16#breadcrumb\"},\"inLanguage\":\"es\",\"potentialAction\":[{\"@type\":\"ReadAction\",\"target\":[\"https:\/\/vitauro.es\/?page_id=16\"]}]},{\"@type\":\"ImageObject\",\"inLanguage\":\"es\",\"@id\":\"https:\/\/vitauro.es\/?page_id=16#primaryimage\",\"url\":\"https:\/\/vitauro.es\/wp-content\/uploads\/2025\/06\/Jose-Antonio-Martinez-Uranga.jpeg\",\"contentUrl\":\"https:\/\/vitauro.es\/wp-content\/uploads\/2025\/06\/Jose-Antonio-Martinez-Uranga.jpeg\",\"width\":720,\"height\":1600},{\"@type\":\"BreadcrumbList\",\"@id\":\"https:\/\/vitauro.es\/?page_id=16#breadcrumb\",\"itemListElement\":[{\"@type\":\"ListItem\",\"position\":1,\"name\":\"Portada\",\"item\":\"https:\/\/vitauro.es\/\"},{\"@type\":\"ListItem\",\"position\":2,\"name\":\"Quienes somos\"}]},{\"@type\":\"WebSite\",\"@id\":\"https:\/\/vitauro.es\/#website\",\"url\":\"https:\/\/vitauro.es\/\",\"name\":\"ViTauro\",\"description\":\"\",\"publisher\":{\"@id\":\"https:\/\/vitauro.es\/#organization\"},\"potentialAction\":[{\"@type\":\"SearchAction\",\"target\":{\"@type\":\"EntryPoint\",\"urlTemplate\":\"https:\/\/vitauro.es\/?s={search_term_string}\"},\"query-input\":{\"@type\":\"PropertyValueSpecification\",\"valueRequired\":true,\"valueName\":\"search_term_string\"}}],\"inLanguage\":\"es\"},{\"@type\":\"Organization\",\"@id\":\"https:\/\/vitauro.es\/#organization\",\"name\":\"ViTauro\",\"url\":\"https:\/\/vitauro.es\/\",\"logo\":{\"@type\":\"ImageObject\",\"inLanguage\":\"es\",\"@id\":\"https:\/\/vitauro.es\/#\/schema\/logo\/image\/\",\"url\":\"https:\/\/vitauro.es\/wp-content\/uploads\/2025\/05\/cropped-logo-vectorizado-2.png\",\"contentUrl\":\"https:\/\/vitauro.es\/wp-content\/uploads\/2025\/05\/cropped-logo-vectorizado-2.png\",\"width\":1546,\"height\":1564,\"caption\":\"ViTauro\"},\"image\":{\"@id\":\"https:\/\/vitauro.es\/#\/schema\/logo\/image\/\"}}]}<\/script>\n<!-- \/ Yoast SEO plugin. -->","yoast_head_json":{"title":"Quienes somos - ViTauro","description":"Quienes somos - ViTauro","robots":{"index":"index","follow":"follow","max-snippet":"max-snippet:-1","max-image-preview":"max-image-preview:large","max-video-preview":"max-video-preview:-1"},"canonical":"https:\/\/vitauro.es\/?page_id=16","og_locale":"es_ES","og_type":"article","og_title":"Quienes somos - ViTauro","og_description":"Quienes somos - ViTauro","og_url":"https:\/\/vitauro.es\/?page_id=16","og_site_name":"ViTauro","article_modified_time":"2025-07-21T06:14:06+00:00","og_image":[{"width":720,"height":1600,"url":"https:\/\/vitauro.es\/wp-content\/uploads\/2025\/06\/Jose-Antonio-Martinez-Uranga.jpeg","type":"image\/jpeg"}],"twitter_card":"summary_large_image","twitter_misc":{"Tiempo de lectura":"3 minutos"},"schema":{"@context":"https:\/\/schema.org","@graph":[{"@type":"WebPage","@id":"https:\/\/vitauro.es\/?page_id=16","url":"https:\/\/vitauro.es\/?page_id=16","name":"Quienes somos - ViTauro","isPartOf":{"@id":"https:\/\/vitauro.es\/#website"},"primaryImageOfPage":{"@id":"https:\/\/vitauro.es\/?page_id=16#primaryimage"},"image":{"@id":"https:\/\/vitauro.es\/?page_id=16#primaryimage"},"thumbnailUrl":"https:\/\/vitauro.es\/wp-content\/uploads\/2025\/06\/Jose-Antonio-Martinez-Uranga-461x1024.jpeg","datePublished":"2025-05-27T07:23:24+00:00","dateModified":"2025-07-21T06:14:06+00:00","description":"Quienes somos - ViTauro","breadcrumb":{"@id":"https:\/\/vitauro.es\/?page_id=16#breadcrumb"},"inLanguage":"es","potentialAction":[{"@type":"ReadAction","target":["https:\/\/vitauro.es\/?page_id=16"]}]},{"@type":"ImageObject","inLanguage":"es","@id":"https:\/\/vitauro.es\/?page_id=16#primaryimage","url":"https:\/\/vitauro.es\/wp-content\/uploads\/2025\/06\/Jose-Antonio-Martinez-Uranga.jpeg","contentUrl":"https:\/\/vitauro.es\/wp-content\/uploads\/2025\/06\/Jose-Antonio-Martinez-Uranga.jpeg","width":720,"height":1600},{"@type":"BreadcrumbList","@id":"https:\/\/vitauro.es\/?page_id=16#breadcrumb","itemListElement":[{"@type":"ListItem","position":1,"name":"Portada","item":"https:\/\/vitauro.es\/"},{"@type":"ListItem","position":2,"name":"Quienes somos"}]},{"@type":"WebSite","@id":"https:\/\/vitauro.es\/#website","url":"https:\/\/vitauro.es\/","name":"ViTauro","description":"","publisher":{"@id":"https:\/\/vitauro.es\/#organization"},"potentialAction":[{"@type":"SearchAction","target":{"@type":"EntryPoint","urlTemplate":"https:\/\/vitauro.es\/?s={search_term_string}"},"query-input":{"@type":"PropertyValueSpecification","valueRequired":true,"valueName":"search_term_string"}}],"inLanguage":"es"},{"@type":"Organization","@id":"https:\/\/vitauro.es\/#organization","name":"ViTauro","url":"https:\/\/vitauro.es\/","logo":{"@type":"ImageObject","inLanguage":"es","@id":"https:\/\/vitauro.es\/#\/schema\/logo\/image\/","url":"https:\/\/vitauro.es\/wp-content\/uploads\/2025\/05\/cropped-logo-vectorizado-2.png","contentUrl":"https:\/\/vitauro.es\/wp-content\/uploads\/2025\/05\/cropped-logo-vectorizado-2.png","width":1546,"height":1564,"caption":"ViTauro"},"image":{"@id":"https:\/\/vitauro.es\/#\/schema\/logo\/image\/"}}]}},"_links":{"self":[{"href":"https:\/\/vitauro.es\/index.php?rest_route=\/wp\/v2\/pages\/16","targetHints":{"allow":["GET"]}}],"collection":[{"href":"https:\/\/vitauro.es\/index.php?rest_route=\/wp\/v2\/pages"}],"about":[{"href":"https:\/\/vitauro.es\/index.php?rest_route=\/wp\/v2\/types\/page"}],"author":[{"embeddable":true,"href":"https:\/\/vitauro.es\/index.php?rest_route=\/wp\/v2\/users\/1"}],"replies":[{"embeddable":true,"href":"https:\/\/vitauro.es\/index.php?rest_route=%2Fwp%2Fv2%2Fcomments&post=16"}],"version-history":[{"count":27,"href":"https:\/\/vitauro.es\/index.php?rest_route=\/wp\/v2\/pages\/16\/revisions"}],"predecessor-version":[{"id":447,"href":"https:\/\/vitauro.es\/index.php?rest_route=\/wp\/v2\/pages\/16\/revisions\/447"}],"wp:attachment":[{"href":"https:\/\/vitauro.es\/index.php?rest_route=%2Fwp%2Fv2%2Fmedia&parent=16"}],"curies":[{"name":"wp","href":"https:\/\/api.w.org\/{rel}","templated":true}]}}