{"id":15,"date":"2025-05-27T07:19:25","date_gmt":"2025-05-27T07:19:25","guid":{"rendered":"https:\/\/vitauro.es\/?page_id=15"},"modified":"2025-07-24T12:26:11","modified_gmt":"2025-07-24T12:26:11","slug":"vitauro","status":"publish","type":"page","link":"https:\/\/vitauro.es\/","title":{"rendered":"Vitauro, Donde la Pasi\u00f3n Cobra Vida: Un Legado Taurino"},"content":{"rendered":"\n<h1 class=\"wp-block-heading\">Legado<\/h1>\n\n\n\n<div class=\"wp-block-group alignwide is-layout-flow wp-block-group-is-layout-flow\">\n<h2 class=\"wp-block-heading has-text-align-center has-vivid-cyan-blue-color has-text-color has-link-color has-bebas-neue-font-family wp-elements-293b126628b0efa94cd2f43d56a6f239\">En el coraz\u00f3n de cada tarde de gloria, donde el sol pinta de oro la arena y el eco del ol\u00e9 resuena en el alma, ah\u00ed nos encontramos. No somos s\u00f3lo una empresa de festejos taurinos; somos los&nbsp;<strong>guardianes de una tradici\u00f3n ancestral<\/strong>, los&nbsp;<strong>arquitectos de emociones inolvidables<\/strong>&nbsp;y los&nbsp;<strong>heraldos de un arte que trasciende el tiempo<\/strong>. Esto es <strong>Vitauro<\/strong>.<\/h2>\n\n\n\n<p class=\"has-jost-font-family has-regular-font-size\">Desde hace generaciones, hemos respirado el aire de la dehesa, hemos sentido el temple del toro bravo y hemos vibrado con el coraje de los h\u00e9roes del ruedo. Nuestra historia est\u00e1 tejida con hilos de&nbsp;<strong>pasi\u00f3n, respeto y una devoci\u00f3n inquebrantable<\/strong>&nbsp;por la tauromaquia. Cada evento que orquestamos es mucho m\u00e1s que un espect\u00e1culo; es un&nbsp;<strong>homenaje a la bravura<\/strong>, una&nbsp;<strong>celebraci\u00f3n de la destreza<\/strong>&nbsp;y una&nbsp;<strong>conexi\u00f3n profunda con nuestras ra\u00edces<\/strong>.<\/p>\n\n\n\n<p class=\"has-jost-font-family has-regular-font-size\">Con cada cartel que anunciamos, con cada faena que se dibuja en el albero, buscamos encender esa chispa que s\u00f3lo la tauromaquia puede ofrecer. Esa chispa que eriza la piel, que detiene el aliento y que convierte a cada espectador en parte de algo&nbsp;<strong>majestuoso y eterno<\/strong>. Cuidamos cada detalle, desde la selecci\u00f3n del ganado hasta la impecable organizaci\u00f3n, porque entendemos que cada festejo es una&nbsp;<strong>experiencia \u00fanica e irrepetible<\/strong>.<\/p>\n\n\n\n<p class=\"has-jost-font-family has-regular-font-size\">Nos enorgullece ser el puente entre la grandiosidad del campo bravo y la emoci\u00f3n del tendido. Nos mueve la convicci\u00f3n de que la tauromaquia es un&nbsp;<strong>legado cultural vibrante<\/strong>, un arte vivo que debe ser preservado y celebrado con la intensidad que merece.<\/p>\n\n\n\n<p class=\"has-jost-font-family has-regular-font-size\">Ven y s\u00e9 parte de esta pasi\u00f3n que nos define.&nbsp;<strong>Siente la emoci\u00f3n, vive la tradici\u00f3n y d\u00e9jate llevar por la magia de los toros con nosotros.<\/strong><\/p>\n<\/div>\n\n\n\n<div class=\"wp-block-group has-global-padding is-layout-constrained wp-container-core-group-is-layout-350af419 wp-block-group-is-layout-constrained\" style=\"margin-top:0px;margin-bottom:0px;padding-top:60px;padding-right:20px;padding-bottom:60px;padding-left:20px\">\n<div class=\"wp-block-group alignfull has-global-padding is-layout-constrained wp-block-group-is-layout-constrained\">\n<div class=\"wp-block-group has-global-padding is-layout-constrained wp-block-group-is-layout-constrained\" style=\"margin-top:0px;margin-bottom:50px\">\n<h2 class=\"wp-block-heading has-text-align-center has-vivid-cyan-blue-color has-text-color has-link-color has-huge-font-size wp-elements-647d9b66434c2a14118b34789bbb8ed1\" style=\"margin-top:0px;margin-bottom:0px;letter-spacing:1px\">\u00daltimas noticias<\/h2>\n<\/div>\n\n\n\n<div class=\"wp-block-query alignwide is-layout-flow wp-block-query-is-layout-flow\"><ul class=\"columns-3 wp-block-post-template is-layout-grid wp-container-core-post-template-is-layout-6d3fbd8f wp-block-post-template-is-layout-grid\"><li class=\"wp-block-post post-510 post type-post status-publish format-standard has-post-thumbnail hentry category-events category-news tag-12 tag-feria tag-roa-de-duero\">\n<figure style=\"aspect-ratio:4\/3;\" class=\"alignwide wp-block-post-featured-image\"><a href=\"https:\/\/vitauro.es\/?p=510\" target=\"_self\"  ><img loading=\"lazy\" decoding=\"async\" width=\"1355\" height=\"968\" src=\"https:\/\/vitauro.es\/wp-content\/uploads\/2026\/03\/IMG-20260127-WA0015.jpg\" class=\"attachment-post-thumbnail size-post-thumbnail wp-post-image\" alt=\"PRIMEROS PREMIOS PROVINCIALES DE TAUROMAQUIA DE BURGOS\" style=\"width:100%;height:100%;object-fit:contain;\" srcset=\"https:\/\/vitauro.es\/wp-content\/uploads\/2026\/03\/IMG-20260127-WA0015.jpg 1355w, https:\/\/vitauro.es\/wp-content\/uploads\/2026\/03\/IMG-20260127-WA0015-300x214.jpg 300w, https:\/\/vitauro.es\/wp-content\/uploads\/2026\/03\/IMG-20260127-WA0015-1024x732.jpg 1024w, https:\/\/vitauro.es\/wp-content\/uploads\/2026\/03\/IMG-20260127-WA0015-768x549.jpg 768w\" sizes=\"auto, (max-width: 1355px) 100vw, 1355px\" \/><\/a><\/figure>\n\n<h2 style=\"margin-bottom:15px;\" class=\"has-text-align-center wp-block-post-title has-large-font-size\"><a href=\"https:\/\/vitauro.es\/?p=510\" target=\"_self\" >PRIMEROS PREMIOS PROVINCIALES DE TAUROMAQUIA DE BURGOS<\/a><\/h2>\n\n<div style=\"padding-right:0;padding-left:0;padding-top:0;padding-bottom:0;margin-right:var(--wp--preset--spacing--40);margin-left:var(--wp--preset--spacing--40);margin-top:0;margin-bottom:0;\" class=\"has-link-color wp-elements-40f0fb0c86067f16400dbcfdf0aad822 wp-block-post-excerpt has-text-color has-base-color has-background has-body-text-background-color has-regular-font-size has-border-color has-body-text-border-color\"><p class=\"wp-block-post-excerpt__excerpt\">Roa celebra los primeros Premios Provinciales de Tauromaquia de Burgos<\/p><p class=\"wp-block-post-excerpt__more-text\"><a class=\"wp-block-post-excerpt__more-link\" href=\"https:\/\/vitauro.es\/?p=510\">Leer mas<\/a><\/p><\/div>\n<\/li><li class=\"wp-block-post post-504 post type-post status-publish format-standard has-post-thumbnail hentry category-events category-news tag-12 tag-feria tag-roa-de-duero\">\n<figure style=\"aspect-ratio:4\/3;\" class=\"alignwide wp-block-post-featured-image\"><a href=\"https:\/\/vitauro.es\/?p=504\" target=\"_self\"  ><img loading=\"lazy\" decoding=\"async\" width=\"2048\" height=\"1536\" src=\"https:\/\/vitauro.es\/wp-content\/uploads\/2026\/03\/IMG-20260202-WA0016.jpg\" class=\"attachment-post-thumbnail size-post-thumbnail wp-post-image\" alt=\"GRAN PRIX EN ROA DE DUERO\" style=\"width:100%;height:100%;object-fit:contain;\" srcset=\"https:\/\/vitauro.es\/wp-content\/uploads\/2026\/03\/IMG-20260202-WA0016.jpg 2048w, https:\/\/vitauro.es\/wp-content\/uploads\/2026\/03\/IMG-20260202-WA0016-300x225.jpg 300w, https:\/\/vitauro.es\/wp-content\/uploads\/2026\/03\/IMG-20260202-WA0016-1024x768.jpg 1024w, https:\/\/vitauro.es\/wp-content\/uploads\/2026\/03\/IMG-20260202-WA0016-768x576.jpg 768w, https:\/\/vitauro.es\/wp-content\/uploads\/2026\/03\/IMG-20260202-WA0016-1536x1152.jpg 1536w\" sizes=\"auto, (max-width: 2048px) 100vw, 2048px\" \/><\/a><\/figure>\n\n<h2 style=\"margin-bottom:15px;\" class=\"has-text-align-center wp-block-post-title has-large-font-size\"><a href=\"https:\/\/vitauro.es\/?p=504\" target=\"_self\" >GRAN PRIX EN ROA DE DUERO<\/a><\/h2>\n\n<div style=\"padding-right:0;padding-left:0;padding-top:0;padding-bottom:0;margin-right:var(--wp--preset--spacing--40);margin-left:var(--wp--preset--spacing--40);margin-top:0;margin-bottom:0;\" class=\"has-link-color wp-elements-40f0fb0c86067f16400dbcfdf0aad822 wp-block-post-excerpt has-text-color has-base-color has-background has-body-text-background-color has-regular-font-size has-border-color has-body-text-border-color\"><p class=\"wp-block-post-excerpt__excerpt\">Gran ambiente para cerrar la feria de Roa de Duero con un divertido Gran Prix<\/p><p class=\"wp-block-post-excerpt__more-text\"><a class=\"wp-block-post-excerpt__more-link\" href=\"https:\/\/vitauro.es\/?p=504\">Leer mas<\/a><\/p><\/div>\n<\/li><li class=\"wp-block-post post-494 post type-post status-publish format-standard has-post-thumbnail hentry category-events category-news tag-12 tag-feria tag-roa-de-duero\">\n<figure style=\"aspect-ratio:4\/3;\" class=\"alignwide wp-block-post-featured-image\"><a href=\"https:\/\/vitauro.es\/?p=494\" target=\"_self\"  ><img loading=\"lazy\" decoding=\"async\" width=\"300\" height=\"225\" src=\"https:\/\/vitauro.es\/wp-content\/uploads\/2026\/03\/agosto_4.jpeg\" class=\"attachment-post-thumbnail size-post-thumbnail wp-post-image\" alt=\"TARDE DE TOREO CL\u00c1SICO EN ROA DE DUERO\" style=\"width:100%;height:100%;object-fit:contain;\" \/><\/a><\/figure>\n\n<h2 style=\"margin-bottom:15px;\" class=\"has-text-align-center wp-block-post-title has-large-font-size\"><a href=\"https:\/\/vitauro.es\/?p=494\" target=\"_self\" >TARDE DE TOREO CL\u00c1SICO EN ROA DE DUERO<\/a><\/h2>\n\n<div style=\"padding-right:0;padding-left:0;padding-top:0;padding-bottom:0;margin-right:var(--wp--preset--spacing--40);margin-left:var(--wp--preset--spacing--40);margin-top:0;margin-bottom:0;\" class=\"has-link-color wp-elements-40f0fb0c86067f16400dbcfdf0aad822 wp-block-post-excerpt has-text-color has-base-color has-background has-body-text-background-color has-regular-font-size has-border-color has-body-text-border-color\"><p class=\"wp-block-post-excerpt__excerpt\">Javier Cort\u00e9s y Jarocho cortan una oreja en una tarde de toreo cl\u00e1sico en Roa de Duero. Morenito de Aranda pierde por la espada el triunfo en una tarde condicionada&hellip;<\/p><p class=\"wp-block-post-excerpt__more-text\"><a class=\"wp-block-post-excerpt__more-link\" href=\"https:\/\/vitauro.es\/?p=494\">Leer mas<\/a><\/p><\/div>\n<\/li><\/ul><\/div>\n<\/div>\n<\/div>\n\n\n\n<figure class=\"wp-block-image aligncenter size-full is-resized is-style-default\" style=\"margin-top:0;margin-right:var(--wp--preset--spacing--80);margin-bottom:0;margin-left:var(--wp--preset--spacing--80)\"><img loading=\"lazy\" decoding=\"async\" width=\"1480\" height=\"1108\" src=\"https:\/\/vitauro.es\/wp-content\/uploads\/2025\/07\/WhatsApp-Image-2025-06-26-at-11.48.21-1.jpeg\" alt=\"\" class=\"wp-image-303\" style=\"width:700px\" srcset=\"https:\/\/vitauro.es\/wp-content\/uploads\/2025\/07\/WhatsApp-Image-2025-06-26-at-11.48.21-1.jpeg 1480w, https:\/\/vitauro.es\/wp-content\/uploads\/2025\/07\/WhatsApp-Image-2025-06-26-at-11.48.21-1-300x225.jpeg 300w, https:\/\/vitauro.es\/wp-content\/uploads\/2025\/07\/WhatsApp-Image-2025-06-26-at-11.48.21-1-1024x767.jpeg 1024w, https:\/\/vitauro.es\/wp-content\/uploads\/2025\/07\/WhatsApp-Image-2025-06-26-at-11.48.21-1-768x575.jpeg 768w\" sizes=\"auto, (max-width: 1480px) 100vw, 1480px\" \/><\/figure>\n\n\n\n<div class=\"wp-block-group alignwide is-layout-flow wp-block-group-is-layout-flow\">\n<h2 class=\"wp-block-heading has-text-align-center has-vivid-cyan-blue-color has-text-color\"><strong>Vitauro, nace de la tradici\u00f3n y la experiencia:<\/strong><\/h2>\n<\/div>\n\n\n\n<p class=\"has-drop-cap has-jost-font-family has-regular-font-size\">Vitauro se constituye el 20 de mayo de 2025 fuente de la pasi\u00f3n y la tradici\u00f3n de familias ligadas al mundo taurino por generaciones. Movidas por la pasi\u00f3n, la ilusi\u00f3n de seguir un legado y una tradici\u00f3n ancestral, pero con la experiencia empresarial de una gesti\u00f3n moderna.<\/p>\n\n\n\n<p class=\"has-jost-font-family has-regular-font-size\">Con el fin de gestionar festejos y espacios taurinos, siempre pensado en la tradici\u00f3n y el espect\u00e1culo, con respeto y amor por el toro. La experiencia y el enfoque empresarial hacen que tengamos en cuenta todos los componentes de los espacios taurinos y la sociedad taurina.<\/p>\n\n\n\n<p class=\"has-jost-font-family has-regular-font-size\">Vitauro esta comprometido por mantener diferentes canales de comunicaci\u00f3n con todos los componentes de la sociedad taurina y de festejos. En la actualidad gozamos de m\u00faltiples herramientas de divulgaci\u00f3n para poder acercar al aficionado con todo el entramado taurino y empresarial. En este sentido, nuestro compromiso es mantener el respeto que se merece el mundo taurino en todos sus componentes.<\/p>\n\n\n\n<figure class=\"wp-block-image aligncenter size-full is-resized\" style=\"margin-right:var(--wp--preset--spacing--80);margin-left:var(--wp--preset--spacing--80)\"><img loading=\"lazy\" decoding=\"async\" width=\"1600\" height=\"1260\" src=\"https:\/\/vitauro.es\/wp-content\/uploads\/2025\/07\/WhatsApp-Image-2025-06-26-at-11.48.20-2.jpeg\" alt=\"\" class=\"wp-image-308\" style=\"width:700px\" srcset=\"https:\/\/vitauro.es\/wp-content\/uploads\/2025\/07\/WhatsApp-Image-2025-06-26-at-11.48.20-2.jpeg 1600w, https:\/\/vitauro.es\/wp-content\/uploads\/2025\/07\/WhatsApp-Image-2025-06-26-at-11.48.20-2-300x236.jpeg 300w, https:\/\/vitauro.es\/wp-content\/uploads\/2025\/07\/WhatsApp-Image-2025-06-26-at-11.48.20-2-1024x806.jpeg 1024w, https:\/\/vitauro.es\/wp-content\/uploads\/2025\/07\/WhatsApp-Image-2025-06-26-at-11.48.20-2-768x605.jpeg 768w, https:\/\/vitauro.es\/wp-content\/uploads\/2025\/07\/WhatsApp-Image-2025-06-26-at-11.48.20-2-1536x1210.jpeg 1536w\" sizes=\"auto, (max-width: 1600px) 100vw, 1600px\" \/><\/figure>\n\n\n\n<h2 class=\"wp-block-heading has-text-align-center has-vivid-cyan-blue-color has-text-color has-link-color has-bebas-neue-font-family wp-elements-c29959c365abbfed1a9872e722ae698a\"><strong><em>Una apuesta de envergadura, creemos en nuestro proyecto.<\/em><\/strong><\/h2>\n\n\n\n<p class=\"has-regular-font-size\">En Vitauro hacemos una gran apuesta, dotando con todos los medios materiales y personales para realizar una gran gesti\u00f3n de los festejos y los recintos taurinos. Contamos con oficinas en diferentes puntos de la pen\u00ednsula y los medios inform\u00e1ticos m\u00e1s actuales que nos ayudan a realizar una gesti\u00f3n eficiente, eficaz de los recursos y los espacios taurinos.<\/p>\n\n\n\n<p class=\"has-regular-font-size\">Tambi\u00e9n tenemos a nuestro servicio a grandes profesionales en el plano laboral, fiscal y contable. As\u00ed como asesores taurinos de gran tradici\u00f3n y renombre. Todo ello unido a una apuesta clara por la difusi\u00f3n en redes sociales y nuevas tecnolog\u00edas.<\/p>\n\n\n\n<p class=\"has-regular-font-size\">Hacemos una apuesta clara por acercar el futuro al presente taurino.<\/p>\n","protected":false},"excerpt":{"rendered":"<p> [&hellip;]<\/p>\n","protected":false},"author":1,"featured_media":0,"parent":0,"menu_order":0,"comment_status":"closed","ping_status":"closed","template":"","meta":{"footnotes":""},"class_list":["post-15","page","type-page","status-publish","hentry"],"yoast_head":"<!-- This site is optimized with the Yoast SEO plugin v27.1.1 - https:\/\/yoast.com\/product\/yoast-seo-wordpress\/ -->\n<title>Vitauro, Donde la Pasi\u00f3n Cobra Vida: Un Legado Taurino - ViTauro<\/title>\n<meta name=\"description\" content=\"ViTauro\" \/>\n<meta name=\"robots\" content=\"index, follow, max-snippet:-1, max-image-preview:large, max-video-preview:-1\" \/>\n<link rel=\"canonical\" href=\"https:\/\/vitauro.es\/\" \/>\n<meta property=\"og:locale\" content=\"es_ES\" \/>\n<meta property=\"og:type\" content=\"article\" \/>\n<meta property=\"og:title\" content=\"Vitauro, Donde la Pasi\u00f3n Cobra Vida: Un Legado Taurino - ViTauro\" \/>\n<meta property=\"og:description\" content=\"ViTauro\" \/>\n<meta property=\"og:url\" content=\"https:\/\/vitauro.es\/\" \/>\n<meta property=\"og:site_name\" content=\"ViTauro\" \/>\n<meta property=\"article:modified_time\" content=\"2025-07-24T12:26:11+00:00\" \/>\n<meta property=\"og:image\" content=\"https:\/\/vitauro.es\/wp-content\/uploads\/2025\/07\/WhatsApp-Image-2025-06-26-at-11.48.21-1.jpeg\" \/>\n<meta name=\"twitter:card\" content=\"summary_large_image\" \/>\n<meta name=\"twitter:label1\" content=\"Tiempo de lectura\" \/>\n\t<meta name=\"twitter:data1\" content=\"3 minutos\" \/>\n<script type=\"application\/ld+json\" class=\"yoast-schema-graph\">{\"@context\":\"https:\/\/schema.org\",\"@graph\":[{\"@type\":\"WebPage\",\"@id\":\"https:\/\/vitauro.es\/\",\"url\":\"https:\/\/vitauro.es\/\",\"name\":\"Vitauro, Donde la Pasi\u00f3n Cobra Vida: Un Legado Taurino - ViTauro\",\"isPartOf\":{\"@id\":\"https:\/\/vitauro.es\/#website\"},\"primaryImageOfPage\":{\"@id\":\"https:\/\/vitauro.es\/#primaryimage\"},\"image\":{\"@id\":\"https:\/\/vitauro.es\/#primaryimage\"},\"thumbnailUrl\":\"https:\/\/vitauro.es\/wp-content\/uploads\/2025\/07\/WhatsApp-Image-2025-06-26-at-11.48.21-1.jpeg\",\"datePublished\":\"2025-05-27T07:19:25+00:00\",\"dateModified\":\"2025-07-24T12:26:11+00:00\",\"description\":\"ViTauro\",\"breadcrumb\":{\"@id\":\"https:\/\/vitauro.es\/#breadcrumb\"},\"inLanguage\":\"es\",\"potentialAction\":[{\"@type\":\"ReadAction\",\"target\":[\"https:\/\/vitauro.es\/\"]}]},{\"@type\":\"ImageObject\",\"inLanguage\":\"es\",\"@id\":\"https:\/\/vitauro.es\/#primaryimage\",\"url\":\"https:\/\/vitauro.es\/wp-content\/uploads\/2025\/07\/WhatsApp-Image-2025-06-26-at-11.48.21-1.jpeg\",\"contentUrl\":\"https:\/\/vitauro.es\/wp-content\/uploads\/2025\/07\/WhatsApp-Image-2025-06-26-at-11.48.21-1.jpeg\",\"width\":1480,\"height\":1108},{\"@type\":\"BreadcrumbList\",\"@id\":\"https:\/\/vitauro.es\/#breadcrumb\",\"itemListElement\":[{\"@type\":\"ListItem\",\"position\":1,\"name\":\"Portada\",\"item\":\"https:\/\/vitauro.es\/\"},{\"@type\":\"ListItem\",\"position\":2,\"name\":\"Vitauro, Donde la Pasi\u00f3n Cobra Vida: Un Legado Taurino\"}]},{\"@type\":\"WebSite\",\"@id\":\"https:\/\/vitauro.es\/#website\",\"url\":\"https:\/\/vitauro.es\/\",\"name\":\"ViTauro\",\"description\":\"\",\"publisher\":{\"@id\":\"https:\/\/vitauro.es\/#organization\"},\"potentialAction\":[{\"@type\":\"SearchAction\",\"target\":{\"@type\":\"EntryPoint\",\"urlTemplate\":\"https:\/\/vitauro.es\/?s={search_term_string}\"},\"query-input\":{\"@type\":\"PropertyValueSpecification\",\"valueRequired\":true,\"valueName\":\"search_term_string\"}}],\"inLanguage\":\"es\"},{\"@type\":\"Organization\",\"@id\":\"https:\/\/vitauro.es\/#organization\",\"name\":\"ViTauro\",\"url\":\"https:\/\/vitauro.es\/\",\"logo\":{\"@type\":\"ImageObject\",\"inLanguage\":\"es\",\"@id\":\"https:\/\/vitauro.es\/#\/schema\/logo\/image\/\",\"url\":\"https:\/\/vitauro.es\/wp-content\/uploads\/2025\/05\/cropped-logo-vectorizado-2.png\",\"contentUrl\":\"https:\/\/vitauro.es\/wp-content\/uploads\/2025\/05\/cropped-logo-vectorizado-2.png\",\"width\":1546,\"height\":1564,\"caption\":\"ViTauro\"},\"image\":{\"@id\":\"https:\/\/vitauro.es\/#\/schema\/logo\/image\/\"}}]}<\/script>\n<!-- \/ Yoast SEO plugin. -->","yoast_head_json":{"title":"Vitauro, Donde la Pasi\u00f3n Cobra Vida: Un Legado Taurino - ViTauro","description":"ViTauro","robots":{"index":"index","follow":"follow","max-snippet":"max-snippet:-1","max-image-preview":"max-image-preview:large","max-video-preview":"max-video-preview:-1"},"canonical":"https:\/\/vitauro.es\/","og_locale":"es_ES","og_type":"article","og_title":"Vitauro, Donde la Pasi\u00f3n Cobra Vida: Un Legado Taurino - ViTauro","og_description":"ViTauro","og_url":"https:\/\/vitauro.es\/","og_site_name":"ViTauro","article_modified_time":"2025-07-24T12:26:11+00:00","og_image":[{"url":"https:\/\/vitauro.es\/wp-content\/uploads\/2025\/07\/WhatsApp-Image-2025-06-26-at-11.48.21-1.jpeg","type":"","width":"","height":""}],"twitter_card":"summary_large_image","twitter_misc":{"Tiempo de lectura":"3 minutos"},"schema":{"@context":"https:\/\/schema.org","@graph":[{"@type":"WebPage","@id":"https:\/\/vitauro.es\/","url":"https:\/\/vitauro.es\/","name":"Vitauro, Donde la Pasi\u00f3n Cobra Vida: Un Legado Taurino - ViTauro","isPartOf":{"@id":"https:\/\/vitauro.es\/#website"},"primaryImageOfPage":{"@id":"https:\/\/vitauro.es\/#primaryimage"},"image":{"@id":"https:\/\/vitauro.es\/#primaryimage"},"thumbnailUrl":"https:\/\/vitauro.es\/wp-content\/uploads\/2025\/07\/WhatsApp-Image-2025-06-26-at-11.48.21-1.jpeg","datePublished":"2025-05-27T07:19:25+00:00","dateModified":"2025-07-24T12:26:11+00:00","description":"ViTauro","breadcrumb":{"@id":"https:\/\/vitauro.es\/#breadcrumb"},"inLanguage":"es","potentialAction":[{"@type":"ReadAction","target":["https:\/\/vitauro.es\/"]}]},{"@type":"ImageObject","inLanguage":"es","@id":"https:\/\/vitauro.es\/#primaryimage","url":"https:\/\/vitauro.es\/wp-content\/uploads\/2025\/07\/WhatsApp-Image-2025-06-26-at-11.48.21-1.jpeg","contentUrl":"https:\/\/vitauro.es\/wp-content\/uploads\/2025\/07\/WhatsApp-Image-2025-06-26-at-11.48.21-1.jpeg","width":1480,"height":1108},{"@type":"BreadcrumbList","@id":"https:\/\/vitauro.es\/#breadcrumb","itemListElement":[{"@type":"ListItem","position":1,"name":"Portada","item":"https:\/\/vitauro.es\/"},{"@type":"ListItem","position":2,"name":"Vitauro, Donde la Pasi\u00f3n Cobra Vida: Un Legado Taurino"}]},{"@type":"WebSite","@id":"https:\/\/vitauro.es\/#website","url":"https:\/\/vitauro.es\/","name":"ViTauro","description":"","publisher":{"@id":"https:\/\/vitauro.es\/#organization"},"potentialAction":[{"@type":"SearchAction","target":{"@type":"EntryPoint","urlTemplate":"https:\/\/vitauro.es\/?s={search_term_string}"},"query-input":{"@type":"PropertyValueSpecification","valueRequired":true,"valueName":"search_term_string"}}],"inLanguage":"es"},{"@type":"Organization","@id":"https:\/\/vitauro.es\/#organization","name":"ViTauro","url":"https:\/\/vitauro.es\/","logo":{"@type":"ImageObject","inLanguage":"es","@id":"https:\/\/vitauro.es\/#\/schema\/logo\/image\/","url":"https:\/\/vitauro.es\/wp-content\/uploads\/2025\/05\/cropped-logo-vectorizado-2.png","contentUrl":"https:\/\/vitauro.es\/wp-content\/uploads\/2025\/05\/cropped-logo-vectorizado-2.png","width":1546,"height":1564,"caption":"ViTauro"},"image":{"@id":"https:\/\/vitauro.es\/#\/schema\/logo\/image\/"}}]}},"_links":{"self":[{"href":"https:\/\/vitauro.es\/index.php?rest_route=\/wp\/v2\/pages\/15","targetHints":{"allow":["GET"]}}],"collection":[{"href":"https:\/\/vitauro.es\/index.php?rest_route=\/wp\/v2\/pages"}],"about":[{"href":"https:\/\/vitauro.es\/index.php?rest_route=\/wp\/v2\/types\/page"}],"author":[{"embeddable":true,"href":"https:\/\/vitauro.es\/index.php?rest_route=\/wp\/v2\/users\/1"}],"replies":[{"embeddable":true,"href":"https:\/\/vitauro.es\/index.php?rest_route=%2Fwp%2Fv2%2Fcomments&post=15"}],"version-history":[{"count":49,"href":"https:\/\/vitauro.es\/index.php?rest_route=\/wp\/v2\/pages\/15\/revisions"}],"predecessor-version":[{"id":440,"href":"https:\/\/vitauro.es\/index.php?rest_route=\/wp\/v2\/pages\/15\/revisions\/440"}],"wp:attachment":[{"href":"https:\/\/vitauro.es\/index.php?rest_route=%2Fwp%2Fv2%2Fmedia&parent=15"}],"curies":[{"name":"wp","href":"https:\/\/api.w.org\/{rel}","templated":true}]}}